. Let y(d) = -4*c(d) + 13*l(d). Give y(6).
-15
Let n be (0 - (3 + -2))/(3/(-9)). Suppose 2*v + y = -2, 8 = -n*v - y + 2*y. Let b(f) = f - 4. Let u be b(v). Let m(x) = -x**3 - 6*x**2 - 2*x - 6. Give m(u).
6
Let z(i) = -2*i**2 - 10*i + 2. Let d(f) = -3*f**2 - 14*f - 6. Let q(u) = -2*d(u) - 4*z(u). What is q(-5)?
14
Let n(g) = -2*g**3 + 2*g**2 + 3*g + 1. Let r(z) = -9*z**3 + 19*z**2 + 26*z - 21. Let f(m) = -4*n(m) + r(m). Calculate f(12).
-1
Suppose -9*k + 132 = 15. Suppose -2*i - k = -19. Let o(s) = -2 - s - 1 + i. Determine o(4).
-4
Suppose 2*t - 112*z + 107*z = -23, -14 = 5*t + 2*z. Let m(v) = v**3 + v**2 - 7*v - 5. What is m(t)?
-25
Let h(p) = p**3 + 7*p**2 + 11*p + 35. Suppose 0 = 52*d - 73*d - 126. Calculate h(d).
5
Let c(v) be the third derivative of 11*v**4/24 + 19*v**3/3 + 2*v**2 - 939*v - 1. Determine c(-4).
-6
Let j(k) = 14*k + 10*k - 26*k - 8. Let y(s) = -4*s - 16. Let z(a) = -5*j(a) + 2*y(a). Determine z(-5).
-2
Let i(r) = r**3 - 7*r**2 - 7*r - 1. Let t(n) = 9*n**3. Let u be t(-2). Let a be u/(-3 - 0)*2. Suppose 9*m - a = 3*m. What is i(m)?
7
Let i(a) = 48*a**3 + 17*a**2 - 20*a + 9. Let l(w) = -17*w**3 - 6*w**2 + 7*w - 3. Let g(z) = 6*i(z) + 17*l(z). Determine g(-2).
13
Let j(g) = -92*g - 12*g**2 + 36*g + 24*g + 1 + 31*g. What is j(1)?
-12
Let y = -70 + 76. Let q(o) be the first derivative of -o**4/4 + 2*o**3 + 5*o - 259. Determine q(y).
5
Let b be 1/(1*(0 + 1)). Let j(y) be the first derivative of 0*y**3 - 94 + 1/2*y**2 - y + 9/4*y**4. Give j(b).
9
Let m(n) = 174 + 25*n - 10*n - 9*n - 11*n - 184. Give m(-13).
55
Let q be (665/(-38))/((-8)/60 + 95/150). Let t(s) = s**3 + 35*s**2 + s + 34. Determine t(q).
-1
Suppose 47*f + 146 = 193. Let s(a) be the first derivative of -7*a**4/4 + 2*a**3/3 - 3*a**2/2 + 2*a + 1. Calculate s(f).
-6
Let k(g) = 278 + 2*g + g**3 + 282 + 280 + 14*g**2 + 17*g - 844. Determine k(-12).
56
Let k(f) = f + 7 + 3*f**2 - 11 - 2*f**2. Let r be (-4)/(75/(-495)*1/(-5)). Let m = 135 + r. What is k(m)?
8
Let q(z) = 38*z - 500. Suppose 93*a - 316*a = -2899. What is q(a)?
-6
Let f(u) = -7*u**2 + 2*u**2 - 3*u**3 + 5 - 2*u**2 + 13*u**2 + 6*u + 4*u**3. Let r be -1*2 - (-3 - 2). Suppose -2*c = 0, -r*o + 4*o = 5*c - 5. Determine f(o).
0
Let f(c) be the first derivative of -c**4/4 - 4*c**3/3 + 15*c**2/2 + 5*c - 2069. Calculate f(-7).
47
Let a(t) = -5*t**2 - 115*t - 511. Let i be a(-17). Let f(u) = 12*u + 1. Let r(q) = -59*q - 6. Let m(d) = 11*f(d) + 2*r(d). Determine m(i).
-15
Let n(l) = -20*l - 49. Let k be ((-1)/(-2)*-7)/((-1246)/(-2492)). Determine n(k).
91
Let l(p) be the second derivative of -p**5/20 - 4*p**4/3 + 23*p**2/2 - 5849*p. Give l(-16).
23
Let b(x) = x**2. Let s = 52 + -48. Let l(u) = -14. Let h(t) = t + 13. Let z(f) = s*h(f) + 3*l(f). Let c be z(-3). What is b(c)?
4
Let c(l) = 12*l**2 - 1. Suppose -3*q + 9 = 8 + 4. Determine c(q).
11
Suppose 9*f + 2*k - 5 = 4*f, 0 = -5*k - 25. Let l(g) = 3 + 13*g + 2*g**2 - 14*g - 3*g**2. Calculate l(f).
-9
Let c(g) = 4*g**3 - 15*g**2 - 25*g - 12. Let w(i) = 5*i**3 - 20*i**2 - 33*i - 16. Let t(y) = -9*c(y) + 7*w(y). Determine t(-2).
-4
Let y = 50165 + -50168. Let d(j) = -4*j + 4. Let m(x) = 3*x - 3. Let q(v) = -4*d(v) - 5*m(v). Give q(y).
-4
Let h(u) = 27*u**3 - 73*u**3 + 44*u**3. What is h(-1)?
2
Let m(w) = -w**2 - 21*w + 37. Let y be m(-22). Suppose 27*x = 32*x - y. Let r(p) = p**2 - 2*p + 1. Calculate r(x).
4
Suppose -30 = 5*u + 2*w, -4*u + 3*w = 7*w + 36. Let x = 2 + u. Let s(v) be the first derivative of v**2/2 + v - 646. Give s(x).
-1
Let n(m) be the third derivative of -m**4/8 + m**3/2 - 35*m**2. Let k = -21 - -22. Let b be (3 - k)/((-8)/20). Determine n(b).
18
Let s(b) = -4 + 9*b**2 - 2 + 3 + 5*b + b**3. Let x = 17412 + -17420. What is s(x)?
21
Let n be 27/(-108)*2*22. Let s(u) = -4*u - 8*u + 3*u + 10 - u**2. Calculate s(n).
-12
Let a(l) = l**3 + 9*l**2 + 9*l + 10. Let s be a(-8). Suppose -s*o = -f - 28 + 155, 3*o + 5*f + 158 = 0. Let y = -67 - o. Let h(b) = 4*b + 4. Determine h(y).
-20
Let v(z) = z**3 + 31*z**2 + 5. Let x be v(-31). Let h(p) = p**2 + 8 - 2*p + 2*p + x*p - 4. What is h(-3)?
-2
Let k = 4290 - 4310. Let z(j) = -2*j - 48. What is z(k)?
-8
Let d = 544 + -559. Let u be ((-18)/d)/((-21)/(-70)). Let q(c) = -3*c - 3 + 2*c + 12. Determine q(u).
5
Let w = -4 - -4. Let p(t) = 8 - 3*t**2 + t**3 + 7*t**2 + w*t - 7*t. Let o be (-3)/51 + 0 - (-101)/(-17). What is p(o)?
-22
Let l(x) be the first derivative of -x**3/3 + 17*x**2 - 285*x - 1573. Give l(20).
-5
Let d(z) = -5*z**2 + 12*z + 7. Let v(b) = b**2 - b + 2. Let i(x) = d(x) + 4*v(x). Determine i(14).
-69
Suppose n = -3, -12 = 2*c + 4*n - 48. Let v(b) = 50 - c - 25. Let y(f) = f**3 - 8*f**2 + 10*f - 12. Let z(l) = -3*v(l) - y(l). Determine z(7).
-12
Let g(p) be the first derivative of p**3/3 - p**2 - 8*p - 413. Give g(-4).
16
Let a(r) = r**3 - r**2 - 7*r - 6. Suppose 15 = 3*k + t, -8*t + 5*t = -3*k + 3. Calculate a(k).
14
Let d(f) = f**3 - f + 3. Let r = -256 + 494. Let u = -241 + r. Determine d(u).
-21
Suppose -4*y = 5*u - 84, 285*u - 41 = -3*y + 284*u. Let r(c) = -c**3 + 10*c**2 + 7*c + 9. Determine r(y).
-35
Let s(i) = -4*i + 12. Suppose 2 = 4*h - 5*h, -5*t + 318 = h. Let q = -54 + t. Calculate s(q).
-28
Let b(q) = q**3 - 17*q**2 + q - 14. Suppose 8*g + 744 + 256 = 0. Let j = -108 - g. Give b(j).
3
Let k(r) = 3*r + 8. Let c(v) = v**2 - 27. Let m be c(-6). Suppose -16 + m = -j. Let o be (-43)/j + 0 - (-2)/14. Determine k(o).
-10
Let b be (-2)/7 - (-1 + 114/42). Let a(c) = c**3 + c**2 - 1. Let r(d) = -3*d**3 + 7*d**2 - d + 4. Let x(w) = b*a(w) - r(w). Calculate x(9).
7
Let s(v) = v**2 + 2160*v + 15073. Let p be s(-7). Let n(c) = 14*c**2 - 3*c - c**2 + 0*c. Give n(p).
46
Let l(r) be the third derivative of -13 + 5/6*r**3 + 1/8*r**4 + 3*r**2 + 0*r. Let n be 0 + ((-22)/4 - 1/2). Give l(n).
-13
Let r(u) = -u**3 + 10*u**2 - 9*u + 1. Suppose 5*x + 33 = t, 4*t - 57 = -0*x + 5*x. Suppose -4*i + 5*g = -31, 2*g - t = -6. Calculate r(i).
1
Let p(a) = 13*a - 1. Let l be -10*(-3 - 2)/10. Suppose 7*u = -l*c + 4*u - 11, 5 = 5*c - 5*u. Calculate p(c).
-14
Let t(i) = 202023 + 4*i + i - 202061. Determine t(7).
-3
Let y = 56 - 43. Suppose y*a - 10 = 3*a. Let d be (-7)/14*(-7 + a). Let n(u) = -u**3 + 4*u**2 - 5*u + 3. Determine n(d).
-3
Let r(j) = -385*j + 7181. Let i(h) = 54*h - 1025. Let b(s) = -41*i(s) - 6*r(s). Give b(11).
-5
Let j(f) = f**2 + 1. Let t(o) = -24*o**2 - 1. Let d = 12 - 21. Let q(r) = -6*r**2. Let l(i) = d*q(i) + 2*t(i). Let a(m) = 5*j(m) - l(m). What is a(0)?
7
Suppose 10 = 2*d + 3*b - 3, d + 3*b - 2 = 0. Let q(x) = -521*x + 50 + 1038*x - 37 - 518*x. Give q(d).
2
Suppose 42 + 106 + 25 = -173*h. Let z(s) = 15*s**2 + 17*s - 1. Give z(h).
-3
Let f(z) be the first derivative of -z**3 + 3*z - 10. Let l(g) = 12*g**2 - 13. Let j(d) = -9*f(d) - 2*l(d). Calculate j(1).
2
Let u(m) be the second derivative of -3*m**3/2 + 97*m**2/2 - 15*m - 5. Let f be u(11). Let i(c) = c**3 + 3*c**2 + c. What is i(f)?
2
Let a(n) = n**3 - 4*n**2 - n - 1. Let i be a(4). Let y(b) be the second derivative of b**5/20 + b**4/3 - 5*b**3/6 - 2*b**2 - 9577*b. Give y(i).
-4
Let n(m) = -m + 139. Let t(w) = w**2 + 22*w + 799. Let z(k) = 6*n(k) - t(k). Give z(-31).
-58
Let h(p) = -p**3 + 5*p**2 - p + 10. Let j be h(5). Suppose -819 = -5*t - j*k + 4*k, -2*k + 171 = t. Let s(x) = 2*x - 161 - x**2 + 324 - t. Calculate s(-2).
-8
Let n(o) be the third derivative of -o**5/60 + o**3/6 - o**2 + 3*o. Let i(q) = 4*q**2 - 5. Let b(f) = -2*i(f) - 9*n(f). What is b(3)?
10
Let i be ((-39)/(-13) - -9) + 7. Let l(t) be the third derivative of i*t**2 - 2/3*t**3 - 1/60*t**5 + 1/3*t**4 + 0 + 0*t. What is l(7)?
3
Let p(v) = 6*v - 2. Suppose -2*f + 20 = -2*s, s - 31 = -36. Calculate p(f).
28
Let j(g) = 5*g**2 + 22*g - 67. Let k(o) = -4*o**2 - 21*o + 58. Let z(m) = 6*j(m) + 7*k(m). Determine z(6).
-14
Let h(g) = -g**3 - 8*g**2 + 9*g + 2. Let f(m) = -9*m - 149. Let o be f(-21). Let l = 31 - o. Give h(l).
2
Let k(r) = r**3 + 2*r**2 + r + 3. Let d = 732 + -716. Suppose 4*p - 5*h = -d, 16 = 22*p - 26*p + 2*h. Determine k(p).
-33
Let s = -287 + 282. Let o(p) = -11*p**2 + 19*p + 11. Let c(a) = -13*a**2 + 21*a + 12. Let z(t) = -6*c(t) + 7*o(t). Determine z(s).
-5
Let r(h) = 434876*h + 234 - 434874*h - 232. Suppose -4*i = 5*g + 25, -3*g = -8*g - 25. Suppose i*z = 3*k - 5*z - 19, 3*k